actors of x.
3, 5, 7, 13
Suppose 10*i + 25 = 5*i. Let c(g) = -129*g + 88. List the prime factors of c(i).
733
Suppose -2*d + 56 = 12*d. Suppose -13*k = -17*k + 2*s + 2422, -d*s = k - 601. What are the prime factors of k?
5, 11
Suppose -50259 = -4*o - 5*h + 45329, -5*o - 2*h = -119485. What are the prime factors of o?
23, 1039
Let i(m) = 7*m**3 + 4*m**2 + 5*m + 3. Let p be i(-3). Suppose 114 = -16*n + 15*n. Let a = n - p. What are the prime factors of a?
3, 17
Suppose 12*j = 20395 + 29009. List the prime factors of j.
23, 179
List the prime factors of 24/(-56) + (((-538035)/35)/(-1) - 1).
19, 809
Let h = 38 + -36. Suppose -h*q + 18 = -8*q. What are the prime factors of (-1 + 7)*q/(-9) + 40?
2, 3, 7
Let v(a) = a + 48. Let w be v(-18). Suppose -12*c = -w - 6. Suppose 6*i - 5*i = 4, 3*i = -c*t + 162. What are the prime factors of t?
2, 5
Suppose 5*s + 2039 = n + 2*n, 2*s - 2074 = -3*n. Suppose 4*y - n = w - 0*w, 860 = 5*y + w. Suppose 0*l = -2*l + y. List the prime factors of l.
2, 43
Let n(b) = 7*b - 65. Let l be n(13). Suppose l*q = 530 + 6594. What are the prime factors of q?
2, 137
Let l(t) = 14*t**2 - 2*t + 37. Let g be l(8). Let d = g + -563. What are the prime factors of d?
2, 3, 59
Suppose 0 = 5*v + r - 12, -v = 4*r - 15 + 5. Let y(u) = 14*u**3 - 4*u + 3 - 2*u**2 + 4*u + 0 - v*u. List the prime factors of y(2).
103
Let w(z) be the second derivative of -z**5/4 - z**3/3 + z**2 - z. Suppose -38*k - 32*k + 22 = -81*k. What are the prime factors of w(k)?
2, 23
Let w(f) = -f**3 - 7*f**2 + 6*f + 6. Let h be w(-7). Let b = -36 - h. Suppose 2*c - 4*c + 122 = b. What are the prime factors of c?
61
Suppose 191 + 1394 = -5*o. Let t be o/2 - (-8)/16. Let q = t - -317. List the prime factors of q.
3, 53
List the prime factors of 902792/(-33)*((-330)/(-10))/(-11).
2, 10259
Let c(r) be the third derivative of r**5/60 - 7*r**4/12 - 18*r**3 - 4*r**2 + 16*r. List the prime factors of c(38).
2, 3, 67
Let d(h) = 582*h**2 + 3*h + 4. Let a be d(-4). Suppose -a - 5112 = -34*z. What are the prime factors of z?
2, 53
Let j be 16/(-12)*-6 + 13757. What are the prime factors of (j/20 - 5) + (-25)/20?
2, 11, 31
Suppose -654565 - 1710645 = -47*d - 551292. List the prime factors of d.
2, 23, 839
Suppose -3002 = -5*o - 4*i, o + 5*i - 6*i = 595. Let y = 1037 - o. What are the prime factors of y?
439
Let m = -226 - -95. Let x be (m/(-4) - 2)/(5/(-40)). Let c = x + 359. List the prime factors of c.
113
Let u(h) = -h**2 - 21*h + 282. Let l be u(-30). What are the prime factors of (45/l)/(5 + (-11434)/2288)?
2, 5, 11, 13
Let v(u) = 11*u**2 - 17*u - 4. Let r be v(2). What are the prime factors of r/2 + (-2122 + 4)/(-3)?
709
Let g = -692 + 5502. What are the prime factors of g?
2, 5, 13, 37
Suppose 5*h = 0, h - 1527 = -g + 2*h - 196. List the prime factors of g.
11
Suppose o - 25 + 15 = 0. Suppose 1619 = o*n - 311. List the prime factors of n.
193
Let l(k) = 13*k**2 - 10 - 36*k**2 + 18*k**2 - 13*k + 3*k**3. What are the prime factors of l(6)?
2, 5, 19
Suppose 11*y - 27*y + 12608 + 1920 = 0. List the prime factors of y.
2, 227
Let x(a) = 8*a**3 + 14*a**2 - 20*a - 57. Let c(h) = -h - 2. Let b(m) = 6*c(m) - x(m). What are the prime factors of b(-6)?
3, 5, 79
Suppose -3*f = d + 27, 8 + 10 = -2*f - d. What are the prime factors of (-231)/f*30/2?
5, 7, 11
What are the prime factors of (450688/40)/(98/245)?
2, 7, 503
Suppose -4*t = -141 - 631. Let b be 6/4*(-702)/(63/(-7)). Let d = t - b. What are the prime factors of d?
2, 19
Let g(n) be the second derivative of n**4/4 + 5*n**3/2 + 81*n**2/2 + 88*n. What are the prime factors of g(-14)?
3, 17
Suppose -3*m + 5*n - 49 = 0, 2*m + 25 = -4*n - 15. List the prime factors of 0 + (2 - 0)*(-3501)/m.
389
Let v(l) = 2*l**3 - 10 + 5 - 5*l**2 + 5*l**3 - 9*l**3 + 5*l. List the prime factors of v(-7).
401
Suppose 10*f - 18 - 12 = 0. Suppose -2*o = -f*o + 15. Suppose 0 = o*v - 13*v - 100. List the prime factors of v.
2, 5
Suppose 0 = -9*x + 14*x + 5*w + 10, -3*w - 4 = 4*x. List the prime factors of (x - -49)/(4/52).
3, 13, 17
Let x = -354 + 158. Let o = x - -370. List the prime factors of o.
2, 3, 29
Suppose -6*q - 5*q = 4*q - 450645. What are the prime factors of q?
13, 2311
Let l be (-3 - 9/21)*98. Let b = l + 561. Let z = -126 + b. What are the prime factors of z?
3, 11
Let c(i) be the third derivative of i**6/120 + 19*i**5/60 - i**4/2 - 68*i**3/3 + 29*i**2 + 2. List the prime factors of c(-13).
2, 11, 47
Let h(m) = -3*m - 1 + 7*m**2 + 2*m**3 - m**3 + 3*m**2 + 0*m**3. Let u be h(-10). Suppose 40 = 3*s - u. What are the prime factors of s?
23
List the prime factors of ((-509828)/(-33))/2 - (-6)/(-18)*2.
2, 1931
Suppose 4*h = 2*h + 4. Suppose -3*t = -u - 4 - 0, -t + 13 = -h*u. Let l = -4 - u. List the prime factors of l.
3
Suppose -2*h - 3 = -4*g + 5, 0 = 2*g + 2. Let w be 116/h*12/4. Let x = w + 112. List the prime factors of x.
2, 3
Let s(o) = 9*o**2 + 46*o - 104. What are the prime factors of s(-29)?
6131
What are the prime factors of (22 - 71136/(-126))/((-1)/(-7))?
2, 2053
Let s be ((-40)/(-4))/(0/(-2) - -2). Suppose o + s*o + 126 = 0. List the prime factors of -4*(12/o - 72/21).
2
Suppose -3*n + 83328 = 15*k, 0 = 16*n - 19*n + 2*k + 83209. List the prime factors of n.
3, 7, 1321
What are the prime factors of ((-103106367)/98)/(-39) + (-58)/28 + 2?
53, 509
Suppose -3*r = 4*j - 4*r - 315, -324 = -4*j + 4*r. Let p = -54 + j. Let o = -6 + p. What are the prime factors of o?
2, 3
Let q(y) = -10*y**2 - 7*y + 12*y + 1 + 5*y**2 + y**3. Let v be q(4). Suppose 130 = v*c - 0*c. What are the prime factors of c?
2, 13
Suppose -3*i + 4*d - 2339 = 0, 5 = -d + 1. Let m = i + 1194. Let n = m - 284. List the prime factors of n.
5
Let s(x) = 2*x**3 + 7*x**2 + 4*x + 7. Let r be s(-3). Suppose -5*y + a = -800, a = -r*y - 2*a + 640. List the prime factors of y.
2, 5
List the prime factors of 118/1239 - (-2)/(-21) - -22450.
2, 5, 449
Let n = 120 + -68. Let q = 54 - n. Suppose 3*b - 4*g - 469 = 0, -2*b = b + q*g - 463. What are the prime factors of b?
5, 31
Suppose 38*y - 14*y = 346885 + 140843. What are the prime factors of y?
2, 3, 1129
Suppose 2*h + 76912 = 4*k, -47*k + 6*h = -43*k - 76896. List the prime factors of k.
2, 3, 5, 641
Let g = 14 - 12. Let z(k) = 68*k + 6. What are the prime factors of z(g)?
2, 71
Let q(s) = 49*s - 381. Let h be q(8). Suppose -2*u = 0, -t - 14*u + h*u = -1025. What are the prime factors of t?
5, 41
Let z = 55971 + -25565. List the prime factors of z.
2, 23, 661
Suppose 74*d - 17*d + 97*d - 12604130 = 0. List the prime factors of d.
5, 16369
Suppose -14*b + 148 = -16*b - 2*m, 4*m = 4*b + 256. Let x = b + 379. List the prime factors of x.
2, 5, 31
Let v(t) = -2*t**2 - t + 3. Let d be v(0). Let w be (-4 + d)*-1*(-672)/(-3). Let u = -105 + w. List the prime factors of u.
7, 17
Let m = 9221 + 1444. List the prime factors of m.
3, 5, 79
Suppose -887 = -5*g + 1743. Let b = 1556 - g. List the prime factors of b.
2, 5, 103
Suppose -5*p + 3*k = -7822, -5*k = 3*p - 3*k - 4678. What are the prime factors of p?
2, 11, 71
Suppose 3*h = -5*w + 6744, -2*h + 4*w + 3078 + 1418 = 0. Suppose -h + 13246 = 18*u. What are the prime factors of u?
13, 47
Let u(i) = -i**2 + 33*i + 337. Suppose 5*p + 50*p = 0. What are the prime factors of u(p)?
337
Suppose 27 = 3*n - 57. Let q be ((-72)/n)/(6/(-140)). Let l = 143 - q. List the prime factors of l.
83
Suppose -9 = -5*q + 11. Let x be (q/(-7))/(26/(-91)). Suppose -c + 49 = x*p, p + 3 = -3*c + 15. List the prime factors of p.
3
Let o(b) = 32*b**2 - 15*b - 459. What are the prime factors of o(-38)?
7, 13, 509
Let v(m) = 23*m - 8. Let d be 2/(-8) + 13830/24. Let r be d/84 - 2/(-14). What are the prime factors of v(r)?
3, 17
Let c(f) = f**3 + 27*f**2 - 30*f + 89. Let j(q) = 31*q - 151. Let s be j(4). What are the prime factors of c(s)?
29, 31
Let h be 4/((-36)/(-49143)) - (-4)/6. Suppose -14*j + 10009 = -h. List the prime factors of j.
5, 13, 17
Let d = -8169 - -12825. What are the prime factors of d?
2, 3, 97
Suppose -8*c + c = -2604. Suppose -t - 2*t + 3*r - 21 = 0, 3*r = -3*t - 3. List the prime factors of (-4)/(t - c/(-94)).
2, 47
Suppose -2*u - u = z - 3, 4*z = u - 1. Suppose -19 = -10*q + u. Suppose q*i - i = 1, -4*h + i + 267 = 0. What are the prime factors of h?
67
Let z(i) = 13 - 28*i - i**2 + 22 - 9. 